ate the remainder when -6 + 472/6*y/20 is divided by 14.
11
Suppose -59*c = -230*c + 17100. Calculate the remainder when 289 is divided by c.
89
Let t(d) = 5*d**2 - 2*d - 6. Let g be t(-2). Suppose 0*p = p + 2*w - 17, 0 = -4*p - w + 68. What is the remainder when 1492/18 + 2/g is divided by p?
15
Let u = 346 - 356. What is the remainder when (-4)/(-10) + (-686)/u is divided by 11?
3
Suppose -18*r + 25*r = 0. Suppose r = -5*t - 5*g + 250, -10*t + g = -5*t - 256. Calculate the remainder when 90 is divided by t.
39
Let j = 1859 - 1836. Calculate the remainder when 10462 is divided by j.
20
Let p(n) = 13*n + 58. Let z(a) = 3*a**2 + 5*a + 1. Let q be z(-2). Let h = q + 10. Calculate the remainder when h is divided by p(-4).
1
Let m(q) = q**3 - 11*q**2 - 11*q + 25. Calculate the remainder when 255 is divided by m(12).
33
Suppose -2*i = -3*h + 3572, -4*h + 6218 = -i + 1457. Suppose -s - 234 = 2*q - 834, -4*q + h = -3*s. Calculate the remainder when q is divided by 77.
68
Suppose -6*p - 70 = -11*p. Let h(v) = -2*v**2 + 185*v - 1390. What is the remainder when h(84) is divided by p?
10
Suppose -6*c = -11*c + 410. Let b = 470 - 466. What is the remainder when c is divided by ((-1264)/(-40) - 3) + b/10?
24
Suppose -19*b + 6323 = 16*b - 4877. What is the remainder when b is divided by 139?
42
Suppose -2*u + 19 - 1 = 0. Let o(g) = 8*g + 7. Let k be o(u). Suppose 6*q - k = 23. What is the remainder when 66 is divided by q?
15
Suppose 0 = 13*a - 16680 - 12657 - 1499. What is the remainder when a is divided by 72?
68
Let x = 10934 + -10908. What is the remainder when 1702 is divided by x?
12
Let l(s) = -10*s + 3. Let r be l(0). Suppose 0 = -x - r, -j = -2*x + 4*x - 129. Calculate the remainder when j is divided by 17.
16
Let w(x) = -10*x - 6. What is the remainder when 7/(-35) - (1261/(-5) + -1) is divided by w(-7)?
61
Suppose 249*v = 259*v - 1140. Calculate the remainder when 12539 is divided by v.
113
Let g(o) = -o + 12. Let v(m) = -m**3 - 5*m**2 + 5*m + 1. Let r be v(-6). Let n = 58 - 44. What is the remainder when n is divided by g(r)?
4
Let p = 39 + -57. What is the remainder when (p/(-10))/(3235/(-650) - -5) is divided by (-165)/(-12) - 4/(-16)?
8
Let n(i) = i**3 - 5*i**2 + 35*i + 24. What is the remainder when n(7) is divided by 34?
27
Let i(f) = -f + 2. Let q be i(6). What is the remainder when (-589)/(-4) - (-1)/q is divided by (-3663)/(-66)*1/(-3)*-2?
36
Suppose -43 - 320 - 413 = -2*j. What is the remainder when j is divided by 78?
76
Calculate the remainder when ((-23452)/(-2002))/(1 - 6/7) is divided by 3*(-3)/(-3) + 21.
10
Let l(z) = -z**3 + 19*z**2 - 47*z + 36. What is the remainder when 81 is divided by l(16)?
29
Let m = -5322 + 6038. What is the remainder when m is divided by 180?
176
Let k = -5208 - -5275. What is the remainder when 122 is divided by k?
55
Suppose 2 - 12 = -5*g + 5*w, -w = 3*g - 22. What is the remainder when 23 is divided by 26/(((-4)/g)/(2/(-6)))?
10
Let r(j) = -3*j + 2. Let p be r(-3). Let f be 1*4 - (-23 + 17). Let z = p - f. Calculate the remainder when 6 is divided by z.
0
Let j(m) = -4*m**2 - 273*m + 576. Calculate the remainder when j(-64) is divided by 49.
47
Let v(w) = -3*w**2 - 211*w - 532. What is the remainder when v(-14) is divided by 108?
106
Let b = -52 + 109. Suppose 7*g - b = 27. Suppose -u = -5*r + 226, 172 = 4*r - 5*u + 2*u. What is the remainder when r is divided by g?
10
Calculate the remainder when 267/(-2136) - 34786/(-16) is divided by 24.
14
Suppose -3*z + 0 = 48. Let y = 13824 + -13784. Calculate the remainder when y is divided by (-95)/(-4) - (-12)/z.
17
Suppose -5*f + 15 = 0, 5*b = -30*f + 35*f + 1800. Let q = b + -163. Calculate the remainder when q is divided by 35.
25
Suppose 859*y = 662*y + 26792. What is the remainder when 1473 is divided by y?
113
Let q(t) = -t**3 - 3*t**2 + 2*t - 15. Suppose -2 = -i - 10. Calculate the remainder when q(i) is divided by 49.
44
Let m(w) = -w - 6. Let f(t) = -5*t - 19. Let y(z) = -2*f(z) + 7*m(z). Calculate the remainder when 15 is divided by y(3).
0
Suppose -96 = -17*o - 11. Suppose w + 4*u - 66 = -22, o*u = -3*w + 132. Calculate the remainder when 1009 is divided by w.
41
Suppose 0 = -6*b + 4*b - 4*v + 406, 4*v - 1033 = -5*b. Suppose 54*d - 528 = 1956. What is the remainder when b is divided by d?
25
Let w(b) = b**3 + 90*b**2 + 247. Calculate the remainder when w(-90) is divided by 63.
58
Calculate the remainder when (-4)/58 - 117650/(-377) is divided by 42.
18
Let j(c) = -c**2 - 36*c + 71. What is the remainder when 1148 is divided by j(-14)?
11
Suppose 2*x + 3*n = 1912, 2*x - 2321 + 439 = 2*n. What is the remainder when x is divided by 161?
142
Let w(p) = 19*p**2 - 11*p + 27. Calculate the remainder when 421 is divided by w(2).
16
Let x be (3 - (-1)/1) + -3. Let o be 3*(-5 + 2) + x. What is the remainder when ((-188)/7)/(o/28) is divided by 24?
22
Let q be -1*(-1 + -1 + 0)/(-2). Calculate the remainder when 55 is divided by (1 - q)*-1 - (-11 - 20).
26
Let f(t) = -2*t**2 - 312*t + 67. Calculate the remainder when f(-148) is divided by 20.
15
Suppose -z - 2 = -3. Let x be z*((-4)/12)/((-2)/12). Suppose x*p - 107 = -19. Calculate the remainder when p is divided by 15.
14
Let a be 28/3*7/((-245)/(-30)). Let m be -7 - -8 - a/(-2). Suppose -m*o + 195 + 145 = 0. Calculate the remainder when o is divided by 24.
20
Suppose -45*y = 5*y - 600. What is the remainder when 176 is divided by y?
8
Let t(n) = -n**3 + 2*n**2 - n - 1. Let k be t(2). Let i = 24 - k. Let q = 710 - 659. Calculate the remainder when q is divided by i.
24
Suppose -2*j + n + 2*n + 19 = 0, -4*j - 2*n = -30. What is the remainder when (-5 - 730/(-40))/(2/j) is divided by 15?
8
Let c(d) = -106*d + 3. Let t(z) = 105*z - 2. Let s(j) = 3*c(j) + 4*t(j). Let a(m) = m + 4. Let b be a(-3). Calculate the remainder when s(b) is divided by 21.
19
What is the remainder when (-5)/(-15) - (5 - (0 - 18355/(-15))) is divided by 87?
1
Let j = -86 - -178. Let q = j + -80. What is the remainder when 24 is divided by q?
0
Let u(s) = 8*s**2 - s - 4. Let h be u(2). Suppose v - 4*f - 9 + h = 0, 3*v - 1 = -f. What is the remainder when ((-4)/12 + v)*-27 is divided by 21?
15
Suppose -983*m + 285 = -968*m. Let p = 11 + 41. Calculate the remainder when p is divided by m.
14
Let k(r) = -2*r - 2*r + 2*r**2 + 0 + 0 + 3. Suppose -j - 12 = -2*q - 4*j, -5*j + 25 = 5*q. What is the remainder when 25 is divided by k(q)?
7
Let z = 54 - 50. Suppose 75 = -z*c + 1131. Suppose -7*v = -9*v + c. What is the remainder when v is divided by 45?
42
Calculate the remainder when (-2)/(0 + 2 + (-4380)/(-4388) + -3) is divided by 46.
39
Suppose -194*r = -192*r - 56. Suppose -9*m + 12*m = -2*g + 750, -3*m + 750 = -5*g. What is the remainder when m is divided by r?
26
Let k(v) = -10*v + 16 - 30 - 17 - 37. Calculate the remainder when 41 is divided by k(-10).
9
Suppose -67*v + 4069 = -528 - 1232. What is the remainder when 1337 is divided by v?
32
Let d = 15480 - 15475. Calculate the remainder when 8063 is divided by d.
3
Let x(i) = -6*i**3 - 16*i**2 + 27*i + 83. Let d(b) = -b**3 - b**2 + b - 2. Let u(h) = 5*d(h) - x(h). Calculate the remainder when 458 is divided by u(-12).
26
Calculate the remainder when -1 - 0/(-2) - 3753/(-9) is divided by 74.
46
Let m(j) = 5 + 16*j + 3 - 5. Suppose -14*o + 390 = 12. What is the remainder when m(3) is divided by o?
24
Let c(o) = -191*o - 1254. Calculate the remainder when c(-9) is divided by 53.
41
Let p(l) = -224*l + 1207. Let z = 38 + -23. Calculate the remainder when p(5) is divided by z.
12
Let c = 63 + -33. Let b be (-40)/c - 1/(-3). What is the remainder when 121 is divided by (1*-25)/(2*b/2)?
21
What is the remainder when 224 is divided by (-840)/(-105)*((-29)/5)/(2/(-5))?
108
Let h be (5 + -2)/((-2)/(-2)). Suppose -3*j + 0*j - h*p + 108 = 0, 5*p + 36 = j. Calculate the remainder when (-2 - 9)*-13 + (83 - 85) is divided by j.
33
Let s = -1302 + 1511. What is the remainder when s is divided by 23?
2
Suppose -28 = -4*r - 0*r. Let y be 3 + (-756)/49 - 6/(-14). Calculate the remainder when (-18)/(y/(-4)) + 75 is divided by r.
6
Let y = -23 + 42. Suppose -10*n - j - 49 = -13*n, 17 = n - j. Calculate the remainder when y is divided by n.
3
Suppose 3*p + 33*h = 36*h + 1020, -2*h - 1370 = -4*p. Calculate the r